38.99.44.102 - - [23/Mar/2008:22:10:18 -0700] "GET /robots.txt HTTP/1.0" 404 275 "-" "Mozilla/5.0 (Twiceler-0.9 http://www.cuill.com/twiceler/robot.html)" "abc-ls.com"
211.32.16.254 - - [24/Mar/2008:01:04:52 -0700] "GET / HTTP/1.1" 200 1072 "http://www.alcus.org/AboutAlc/Member/" "Mozilla/5.0 (Windows; U; Windows NT 5.1; en-US; rv:1.8.1.12) Gecko/20080201 Firefox/2.0.0.12 IPMS/D602010A-147E37BE6A6" "www.abc-ls.com"
211.32.16.254 - - [24/Mar/2008:01:04:53 -0700] "GET /favicon.ico HTTP/1.1" 404 254 "-" "Mozilla/5.0 (Windows; U; Windows NT 5.1; en-US; rv:1.8.1.12) Gecko/20080201 Firefox/2.0.0.12 IPMS/D602010A-147E37BE6A6" "www.abc-ls.com"
211.32.16.254 - - [24/Mar/2008:01:07:10 -0700] "GET /favicon.ico HTTP/1.1" 404 254 "-" "Mozilla/5.0 (Windows; U; Windows NT 5.1; en-US; rv:1.8.1.12) Gecko/20080201 Firefox/2.0.0.12 IPMS/D602010A-147E37BE6A6" "www.abc-ls.com"
74.6.30.223 - - [24/Mar/2008:02:26:19 -0700] "GET /robots.txt HTTP/1.0" 404 275 "-" "Mozilla/5.0 (compatible; Yahoo! Slurp; http://help.yahoo.com/help/us/ysearch/slurp)" "www.abc-ls.com"
74.6.19.125 - - [24/Mar/2008:02:26:21 -0700] "GET / HTTP/1.0" 200 1056 "-" "Mozilla/5.0 (compatible; Yahoo! Slurp; http://help.yahoo.com/help/us/ysearch/slurp)" "www.abc-ls.com"
74.6.17.246 - - [24/Mar/2008:02:31:29 -0700] "GET /tmp/ HTTP/1.0" 200 504 "-" "Mozilla/5.0 (compatible; Yahoo! Slurp; http://help.yahoo.com/help/us/ysearch/slurp)" "www.abc-ls.com"
66.249.73.36 - - [24/Mar/2008:02:37:25 -0700] "GET /robots.txt HTTP/1.1" 404 275 "-" "Mozilla/5.0 (compatible; Googlebot/2.1; +http://www.google.com/bot.html)" "abc-ls.com"
66.249.73.36 - - [24/Mar/2008:02:37:25 -0700] "GET /logs/access_080225.log HTTP/1.1" 304 - "-" "Mozilla/5.0 (compatible; Googlebot/2.1; +http://www.google.com/bot.html)" "abc-ls.com"
66.249.73.36 - - [24/Mar/2008:02:40:06 -0700] "GET /logs/access_080218.log HTTP/1.1" 404 275 "-" "Mozilla/5.0 (compatible; Googlebot/2.1; +http://www.google.com/bot.html)" "abc-ls.com"
74.6.29.109 - - [24/Mar/2008:10:25:34 -0700] "GET /?N=D HTTP/1.0" 200 1056 "-" "Mozilla/5.0 (compatible; Yahoo! Slurp; http://help.yahoo.com/help/us/ysearch/slurp)" "www.abc-ls.com"
160.83.72.212 - - [24/Mar/2008:10:41:27 -0700] "GET /logs/access_080225.log HTTP/1.1" 200 10482 "http://www.google.com/search?hl=en&q=abc.ls.com" "Mozilla/4.0 (compatible; MSIE 6.0; Windows NT 5.1; SV1; .NET CLR 1.1.4322)" "abc-ls.com"
67.191.22.188 - - [24/Mar/2008:11:51:29 -0700] "GET / HTTP/1.1" 200 1072 "-" "Mozilla/4.0 (compatible; MSIE 7.0; Windows NT 5.1; .NET CLR 1.1.4322; .NET CLR 2.0.50727; InfoPath.1)" "www.abc-ls.com"
67.191.22.188 - - [24/Mar/2008:11:51:30 -0700] "GET /favicon.ico HTTP/1.1" 404 275 "-" "Mozilla/4.0 (compatible; MSIE 7.0; Windows NT 5.1; .NET CLR 1.1.4322; .NET CLR 2.0.50727; InfoPath.1)" "www.abc-ls.com"
67.191.22.188 - - [24/Mar/2008:12:16:06 -0700] "GET / HTTP/1.1" 200 1072 "http://www.google.com/search?hl=en&q=%22ABC+Language+Services%22" "Mozilla/4.0 (compatible; MSIE 7.0; Windows NT 5.1; .NET CLR 1.1.4322; .NET CLR 2.0.50727; InfoPath.1)" "abc-ls.com"
67.191.22.188 - - [24/Mar/2008:12:16:11 -0700] "GET /favicon.ico HTTP/1.1" 404 275 "-" "Mozilla/4.0 (compatible; MSIE 7.0; Windows NT 5.1; .NET CLR 1.1.4322; .NET CLR 2.0.50727; InfoPath.1)" "abc-ls.com"
66.192.184.153 - - [24/Mar/2008:13:39:35 -0700] "GET / HTTP/1.1" 200 1072 "-" "Mozilla/4.0 (compatible; MSIE 7.0; Windows NT 5.1; .NET CLR 1.1.4322; .NET CLR 2.0.50727; .NET CLR 3.0.04506.30; .NET CLR 3.0.04506.648)" "www.abc-ls.com"
66.192.184.153 - - [24/Mar/2008:13:39:35 -0700] "GET /favicon.ico HTTP/1.1" 404 275 "-" "Mozilla/4.0 (compatible; MSIE 7.0; Windows NT 5.1; .NET CLR 1.1.4322; .NET CLR 2.0.50727; .NET CLR 3.0.04506.30; .NET CLR 3.0.04506.648)" "www.abc-ls.com"
66.192.184.153 - - [24/Mar/2008:13:39:53 -0700] "GET / HTTP/1.1" 200 1072 "http://www.abc-ls.com/" "Mozilla/4.0 (compatible; MSIE 7.0; Windows NT 5.1; .NET CLR 1.1.4322; .NET CLR 2.0.50727; .NET CLR 3.0.04506.30; .NET CLR 3.0.04506.648)" "www.abc-ls.com"
66.192.184.153 - - [24/Mar/2008:13:39:54 -0700] "GET / HTTP/1.1" 200 1072 "http://www.abc-ls.com/" "Mozilla/4.0 (compatible; MSIE 7.0; Windows NT 5.1; .NET CLR 1.1.4322; .NET CLR 2.0.50727; .NET CLR 3.0.04506.30; .NET CLR 3.0.04506.648)" "www.abc-ls.com"
66.249.73.36 - - [24/Mar/2008:19:21:33 -0700] "GET /robots.txt HTTP/1.1" 404 275 "-" "Mozilla/5.0 (compatible; Googlebot/2.1; +http://www.google.com/bot.html)" "abc-ls.com"
66.249.73.36 - - [24/Mar/2008:19:21:33 -0700] "GET / HTTP/1.1" 200 1072 "-" "Mozilla/5.0 (compatible; Googlebot/2.1; +http://www.google.com/bot.html)" "abc-ls.com"
74.6.30.223 - - [24/Mar/2008:20:16:20 -0700] "GET /robots.txt HTTP/1.0" 404 275 "-" "Mozilla/5.0 (compatible; Yahoo! Slurp; http://help.yahoo.com/help/us/ysearch/slurp)" "www.abc-ls.com"
72.30.179.223 - - [24/Mar/2008:20:16:26 -0700] "GET /temporarypreviewfile.html HTTP/1.0" 200 2036 "-" "Mozilla/5.0 (compatible; Yahoo! Slurp; http://help.yahoo.com/help/us/ysearch/slurp)" "www.abc-ls.com"
66.249.73.36 - - [24/Mar/2008:20:42:16 -0700] "GET /?S=A HTTP/1.1" 200 1072 "-" "Mozilla/5.0 (compatible; Googlebot/2.1; +http://www.google.com/bot.html)" "abc-ls.com"
74.6.20.175 - - [24/Mar/2008:21:23:15 -0700] "GET /?N=A HTTP/1.0" 200 1056 "-" "Mozilla/5.0 (compatible; Yahoo! Slurp; http://help.yahoo.com/help/us/ysearch/slurp)" "www.abc-ls.com"
66.249.73.36 - - [24/Mar/2008:22:21:46 -0700] "GET /logs/access_080303.log HTTP/1.1" 304 - "-" "Mozilla/5.0 (compatible; Googlebot/2.1; +http://www.google.com/bot.html)" "abc-ls.com"
66.249.73.36 - - [24/Mar/2008:22:34:43 -0700] "GET /logs/access.log HTTP/1.1" 200 5491 "-" "Mozilla/5.0 (compatible; Googlebot/2.1; +http://www.google.com/bot.html)" "abc-ls.com"
74.6.30.223 - - [24/Mar/2008:23:41:35 -0700] "GET /robots.txt HTTP/1.0" 404 275 "-" "Mozilla/5.0 (compatible; Yahoo! Slurp; http://help.yahoo.com/help/us/ysearch/slurp)" "www.abc-ls.com"
74.6.28.50 - - [24/Mar/2008:23:41:40 -0700] "GET /logs/ HTTP/1.0" 200 1500 "-" "Mozilla/5.0 (compatible; Yahoo! Slurp; http://help.yahoo.com/help/us/ysearch/slurp)" "www.abc-ls.com"
75.146.6.225 - - [25/Mar/2008:10:04:59 -0700] "GET / HTTP/1.1" 200 1072 "http://www1.ctbar.org/guide.aspx" "Mozilla/4.0 (compatible; MSIE 6.0; Windows NT 5.1; SV1; InfoPath.2)" "www.abc-ls.com"
75.146.6.225 - - [25/Mar/2008:10:05:04 -0700] "GET /temporarypreviewfile.html HTTP/1.1" 200 2052 "http://www.abc-ls.com/" "Mozilla/4.0 (compatible; MSIE 6.0; Windows NT 5.1; SV1; InfoPath.2)" "www.abc-ls.com"
209.62.82.12 - - [25/Mar/2008:12:12:11 -0700] "GET /robots.txt HTTP/1.1" 404 275 "www.abc-ls.com" "Pingdom GIGRIB (http://www.pingdom.com)" "www.abc-ls.com"
209.62.82.12 - - [25/Mar/2008:12:12:11 -0700] "GET /robots.txt HTTP/1.1" 404 275 "www.abc-ls.com" "Pingdom GIGRIB (http://www.pingdom.com)" "www.abc-ls.com"
209.62.82.12 - - [25/Mar/2008:12:12:11 -0700] "GET /robots.txt HTTP/1.1" 404 275 "www.abc-ls.com" "Pingdom GIGRIB (http://www.pingdom.com)" "www.abc-ls.com"
209.62.82.12 - - [25/Mar/2008:12:12:11 -0700] "GET /robots.txt HTTP/1.1" 404 275 "www.abc-ls.com" "Pingdom GIGRIB (http://www.pingdom.com)" "www.abc-ls.com"
209.62.82.12 - - [25/Mar/2008:12:12:11 -0700] "GET /robots.txt HTTP/1.1" 404 275 "www.abc-ls.com" "Pingdom GIGRIB (http://www.pingdom.com)" "www.abc-ls.com"
209.62.82.12 - - [25/Mar/2008:12:12:11 -0700] "GET /robots.txt HTTP/1.1" 404 253 "www.abc-ls.com" "Pingdom GIGRIB (http://www.pingdom.com)" "www.abc-ls.com"
209.62.82.12 - - [25/Mar/2008:12:15:01 -0700] "GET / HTTP/1.1" 200 1072 "http://www.pingdom.com/tools/fpt/?url=www.abc-ls.com" "Pingdom GIGRIB (http://www.pingdom.com)" "www.abc-ls.com"
209.62.82.12 - - [25/Mar/2008:12:15:01 -0700] "GET / HTTP/1.1" 200 1072 "http://www.pingdom.com/tools/fpt/?url=www.abc-ls.com" "Pingdom GIGRIB (http://www.pingdom.com)" "www.abc-ls.com"
209.62.82.12 - - [25/Mar/2008:12:15:01 -0700] "GET / HTTP/1.1" 200 1072 "http://www.pingdom.com/tools/fpt/?url=www.abc-ls.com" "Pingdom GIGRIB (http://www.pingdom.com)" "www.abc-ls.com"
209.62.82.12 - - [25/Mar/2008:12:15:01 -0700] "GET / HTTP/1.1" 200 1072 "http://www.pingdom.com/tools/fpt/?url=www.abc-ls.com" "Pingdom GIGRIB (http://www.pingdom.com)" "www.abc-ls.com"
209.62.82.12 - - [25/Mar/2008:12:15:01 -0700] "GET / HTTP/1.1" 200 1072 "http://www.pingdom.com/tools/fpt/?url=www.abc-ls.com" "Pingdom GIGRIB (http://www.pingdom.com)" "www.abc-ls.com"
209.62.82.12 - - [25/Mar/2008:12:15:01 -0700] "GET / HTTP/1.1" 200 1072 "http://www.pingdom.com/tools/fpt/?url=www.abc-ls.com" "Pingdom GIGRIB (http://www.pingdom.com)" "www.abc-ls.com"
66.249.73.36 - - [25/Mar/2008:12:37:38 -0700] "GET /robots.txt HTTP/1.1" 404 275 "-" "Mozilla/5.0 (compatible; Googlebot/2.1; +http://www.google.com/bot.html)" "abc-ls.com"
75.8.80.227 - - [25/Mar/2008:13:22:57 -0700] "GET /logs/ HTTP/1.0" 200 1357 "-" "Wget/1.5.3.1" "abc-ls.com"
66.249.73.36 - - [25/Mar/2008:14:35:18 -0700] "GET /logs/access_080303.log HTTP/1.1" 304 - "-" "Mozilla/5.0 (compatible; Googlebot/2.1; +http://www.google.com/bot.html)" "abc-ls.com"
74.52.245.146 - - [25/Mar/2008:15:17:13 -0700] "GET / HTTP/1.0" 200 1056 "-" "Mozilla/5.0 (X11; U; Linux i686; en-US; rv:1.7.5) Gecko/20041107 Firefox/1.0" "www.abc-ls.com"
87.68.40.194 - - [25/Mar/2008:17:04:13 -0700] "GET /logs/access_080225.log%20http://luckypotpartypics.mail15.su/images? HTTP/1.0" 404 275 "-" "Mozilla/5.0 (Windows; U; Windows NT 5.2; pt-BR; rv:1.7.7) Gecko/20050414 Firefox/2.0.5" "abc-ls.com"
87.68.40.194 - - [25/Mar/2008:17:08:17 -0700] "GET /logs/access_080225.log%20http://luckypotpartypics.mail15.su/images? HTTP/1.0" 404 275 "-" "Mozilla/5.0 (X11; U; FreeBSD i386; en-US; rv:1.5) Gecko/20031021" "abc-ls.com"
87.68.40.194 - - [25/Mar/2008:17:12:17 -0700] "GET /logs/access_080225.log%20http://luckypotpartypics.mail15.su/images? HTTP/1.0" 404 275 "-" "Mediapartners-Google/2.1" "abc-ls.com"
87.68.40.194 - - [25/Mar/2008:17:15:19 -0700] "GET /logs/access_080225.log%20http://luckypotpartypics.mail15.su/images? HTTP/1.0" 404 275 "-" "Mozilla/5.0 (X11; U; Linux i686; en-US; rv:1.8.1.6) Gecko/20061201 Firefox/2.0.0.6 (Ubuntu-feisty)" "abc-ls.com"
87.68.40.194 - - [25/Mar/2008:17:19:09 -0700] "GET /logs/access_080225.log%20http://luckypotpartypics.mail15.su/images? HTTP/1.0" 404 275 "-" "Googlebot/2.1 (+http://www.googlebot.com/bot.html)" "abc-ls.com"
87.68.40.194 - - [25/Mar/2008:17:22:24 -0700] "GET /logs/access_080225.log%20http://luckypotpartypics.mail15.su/images? HTTP/1.0" 404 275 "-" "Mozilla/4.0 (compatible; MSIE 4.01; Windows 98)" "abc-ls.com"
87.68.40.194 - - [25/Mar/2008:17:25:55 -0700] "GET /logs/access_080225.log%20http://luckypotpartypics.mail15.su/images? HTTP/1.0" 404 275 "-" "Mozilla/5.0 (Windows; U; Windows NT 5.1; pt-BR; rv:1.7.7) Gecko/20050414 Firefox/2.0.5" "abc-ls.com"
87.68.40.194 - - [25/Mar/2008:17:29:14 -0700] "GET /logs/access_080225.log%20http://luckypotpartypics.mail15.su/images? HTTP/1.0" 404 275 "-" "Mozilla/5.0 (compatible; Konqueror/3.0-rc1; i686 Linux; 20020527)" "abc-ls.com"
87.68.40.194 - - [25/Mar/2008:17:32:15 -0700] "GET /logs/access_080225.log%20http://luckypotpartypics.mail15.su/images? HTTP/1.0" 404 275 "-" "Mozilla/5.0 (X11; U; Linux i686; en-US; rv:1.9a1) Gecko/20070308 Minefield/3.0a1" "abc-ls.com"
66.249.73.36 - - [25/Mar/2008:18:15:07 -0700] "GET /logs/access.log HTTP/1.1" 200 11159 "-" "Mozilla/5.0 (compatible; Googlebot/2.1; +http://www.google.com/bot.html)" "abc-ls.com"
74.6.30.223 - - [25/Mar/2008:21:05:52 -0700] "GET /robots.txt HTTP/1.0" 404 275 "-" "Mozilla/5.0 (compatible; Yahoo! Slurp; http://help.yahoo.com/help/us/ysearch/slurp)" "www.abc-ls.com"
74.6.28.23 - - [25/Mar/2008:21:06:40 -0700] "GET /logs/?D=A HTTP/1.0" 200 1357 "-" "Mozilla/5.0 (compatible; Yahoo! Slurp; http://help.yahoo.com/help/us/ysearch/slurp)" "www.abc-ls.com"
38.99.13.122 - - [26/Mar/2008:01:14:07 -0700] "GET /robots.txt HTTP/1.0" 404 275 "-" "Mozilla/5.0 (Twiceler-0.9 http://www.cuill.com/twiceler/robot.html)" "www.abc-ls.com"
84.62.155.245 - - [26/Mar/2008:01:40:29 -0700] "GET /logs/access_080225.log%20http://babysbirth.mail333.su/images? HTTP/1.0" 404 275 "-" "Mozilla/4.0 (compatible; MSIE 6.0; Windows NT 5.1; FunWebProducts-MyWay; (R1 1.3); .NET CLR 1.1.4322)" "abc-ls.com"
218.157.47.191 - - [26/Mar/2008:01:41:12 -0700] "GET /logs/access_080225.log%20http://babysbirth.mail333.su/images? HTTP/1.0" 404 275 "-" "Googlebot/2.1 (http://www.googlebot.com/bot.html)" "abc-ls.com"
84.62.155.245 - - [26/Mar/2008:01:41:46 -0700] "GET /logs/access_080225.log%20http://babysbirth.mail333.su/images? HTTP/1.0" 404 275 "-" "Mozilla/4.0 (compatible; MSIE 6.0; Windows NT 5.1; Q312461)" "abc-ls.com"
211.196.220.249 - - [26/Mar/2008:01:43:05 -0700] "GET /logs/access_080225.log%20http://babysbirth.mail333.su/images? HTTP/1.0" 404 275 "-" "Mozilla/5.0 (X11; U; FreeBSD i386; en-US; rv:1.5) Gecko/20031021" "abc-ls.com"
218.157.47.191 - - [26/Mar/2008:01:43:14 -0700] "GET /logs/access_080225.log%20http://babysbirth.mail333.su/images? HTTP/1.0" 404 275 "-" "Mozilla/4.0 (compatible; MSIE 6.0; Windows NT 5.1; Q312461)" "abc-ls.com"
84.62.155.245 - - [26/Mar/2008:01:43:31 -0700] "GET /logs/access_080225.log%20http://babysbirth.mail333.su/images? HTTP/1.0" 404 275 "-" "Mozilla/5.0 (Windows; U; Windows NT 5.2; pt-BR; rv:1.7.7) Gecko/20050414 Firefox/2.0.5" "abc-ls.com"
211.56.152.27 - - [26/Mar/2008:01:44:00 -0700] "GET /logs/access_080225.log%20http://babysbirth.mail333.su/images? HTTP/1.0" 404 281 "-" "Mozilla/4.0 (compatible; MSIE 6.0; Windows NT 5.1; SV1)" "abc-ls.com"
84.62.155.245 - - [26/Mar/2008:01:45:13 -0700] "GET /logs/access_080225.log%20http://babysbirth.mail333.su/images? HTTP/1.0" 404 275 "-" "Mozilla/4.0 (compatible; MSIE 6.0; Windows NT 5.1; .NET CLR 1.1.4322)" "abc-ls.com"
218.157.47.191 - - [26/Mar/2008:01:45:18 -0700] "GET /logs/access_080225.log%20http://babysbirth.mail333.su/images? HTTP/1.0" 404 275 "-" "Mozilla/4.0 (compatible; MSIE 6.0; Windows NT 5.1; FunWebProducts-MyWay; (R1 1.3); .NET CLR 1.1.4322)" "abc-ls.com"
84.62.155.245 - - [26/Mar/2008:01:46:33 -0700] "GET /logs/access_080225.log%20http://babysbirth.mail333.su/images? HTTP/1.0" 404 275 "-" "Mozilla/4.0 (compatible; MSIE 6.0; Windows NT 5.1; Q312461)" "abc-ls.com"
211.196.220.249 - - [26/Mar/2008:01:46:39 -0700] "GET /logs/access_080225.log%20http://babysbirth.mail333.su/images? HTTP/1.0" 404 275 "-" "Mozilla/4.0 (compatible; MSIE 6.0; Windows NT 5.0)" "abc-ls.com"
218.157.47.191 - - [26/Mar/2008:01:47:18 -0700] "GET /logs/access_080225.log%20http://babysbirth.mail333.su/images? HTTP/1.0" 404 275 "-" "Mozilla/4.0 (compatible; MSIE 6.0; Windows NT 5.1; SV1)" "abc-ls.com"
211.56.152.27 - - [26/Mar/2008:01:47:41 -0700] "GET /logs/access_080225.log%20http://babysbirth.mail333.su/images? HTTP/1.0" 404 281 "-" "Lynx/2.8.4rel.1 libwww-FM/2.14 SSL-MM/1.4.1 GNUTLS/0.8.6" "abc-ls.com"
84.62.155.245 - - [26/Mar/2008:01:48:06 -0700] "GET /logs/access_080225.log%20http://babysbirth.mail333.su/images? HTTP/1.0" 404 275 "-" "Mozilla/4.0 (compatible; MSIE 6.0; Windows NT 5.0)" "abc-ls.com"
218.157.47.191 - - [26/Mar/2008:01:49:20 -0700] "GET /logs/access_080225.log%20http://babysbirth.mail333.su/images? HTTP/1.0" 404 275 "-" "Mozilla/4.0 (compatible; MSIE 6.0; Windows NT 5.1; SV1; .NET CLR 1.1.4322)" "abc-ls.com"
84.62.155.245 - - [26/Mar/2008:01:49:39 -0700] "GET /logs/access_080225.log%20http://babysbirth.mail333.su/images? HTTP/1.0" 404 275 "-" "Googlebot/2.1 (+http://www.googlebot.com/bot.html)" "abc-ls.com"
211.196.220.249 - - [26/Mar/2008:01:50:17 -0700] "GET /logs/access_080225.log%20http://babysbirth.mail333.su/images? HTTP/1.0" 404 275 "-" "Mozilla/4.0 (compatible; MSIE 6.0; Windows NT 5.1; Hotbar 4.3.1.0)" "abc-ls.com"
211.56.152.27 - - [26/Mar/2008:01:51:03 -0700] "GET /logs/access_080225.log%20http://babysbirth.mail333.su/images? HTTP/1.0" 404 281 "-" "Mozilla/4.0 (compatible; MSIE 6.0; Windows NT 5.1; .NET CLR 1.1.4322; .NET CLR 1.0.3705)" "abc-ls.com"
84.62.155.245 - - [26/Mar/2008:01:51:15 -0700] "GET /logs/access_080225.log%20http://babysbirth.mail333.su/images? HTTP/1.0" 404 275 "-" "Mozilla/4.0 (compatible; MSIE 6.0; Windows NT 5.1; Q312461)" "abc-ls.com"
218.157.47.191 - - [26/Mar/2008:01:51:19 -0700] "GET /logs/access_080225.log%20http://babysbirth.mail333.su/images? HTTP/1.0" 404 275 "-" "Mozilla/4.0 (compatible; MSIE 4.01; Windows 98)" "abc-ls.com"
84.62.155.245 - - [26/Mar/2008:01:52:36 -0700] "GET /logs/access_080225.log%20http://babysbirth.mail333.su/images? HTTP/1.0" 404 275 "-" "Googlebot/2.0 (http://www.googlebot.com/bot.html)" "abc-ls.com"
218.157.47.191 - - [26/Mar/2008:01:53:13 -0700] "GET /logs/access_080225.log%20http://babysbirth.mail333.su/images? HTTP/1.0" 404 275 "-" "Googlebot/2.1 (http://www.googlebot.com/bot.html)" "abc-ls.com"
211.56.152.27 - - [26/Mar/2008:01:53:54 -0700] "GET /logs/access_080225.log%20http://babysbirth.mail333.su/images? HTTP/1.0" 404 281 "-" "Mozilla/4.0 (compatible; MSIE 6.0; Windows NT 5.1; Avant Browser [avantbrowser.com]; .NET CLR 1.1.4322)" "abc-ls.com"
211.196.220.249 - - [26/Mar/2008:01:54:07 -0700] "GET /logs/access_080225.log%20http://babysbirth.mail333.su/images? HTTP/1.0" 404 275 "-" "Mozilla/4.0 (compatible; MSIE 6.0; Windows NT 5.1; Q312461)" "abc-ls.com"
218.157.47.191 - - [26/Mar/2008:01:55:08 -0700] "GET /logs/access_080225.log%20http://babysbirth.mail333.su/images? HTTP/1.0" 404 275 "-" "Mozilla/4.0 (compatible; MSIE 6.0; Windows NT 5.0)" "abc-ls.com"
218.157.47.191 - - [26/Mar/2008:01:57:03 -0700] "GET /logs/access_080225.log%20http://babysbirth.mail333.su/images? HTTP/1.0" 404 275 "-" "Mozilla/4.0 (compatible; MSIE 6.0; Windows NT 5.1; SV1)" "abc-ls.com"
211.56.152.27 - - [26/Mar/2008:01:57:04 -0700] "GET /logs/access_080225.log%20http://babysbirth.mail333.su/images? HTTP/1.0" 404 281 "-" "Mozilla/4.0 (compatible; MSIE 4.01; Windows 95)" "abc-ls.com"
211.196.220.249 - - [26/Mar/2008:01:58:04 -0700] "GET /logs/access_080225.log%20http://babysbirth.mail333.su/images? HTTP/1.0" 404 275 "-" "Mozilla/4.0 (compatible; MSIE 6.0; Windows 98; Win 9x 4.90; H010818; AT&T CSM6.0)" "abc-ls.com"
211.56.152.27 - - [26/Mar/2008:01:59:53 -0700] "GET /logs/access_080225.log%20http://babysbirth.mail333.su/images? HTTP/1.0" 404 281 "-" "Mozilla/4.0 (compatible; MSIE 6.0; Windows NT 5.1; .NET CLR 1.1.4322; .NET CLR 1.0.3705)" "abc-ls.com"
211.196.220.249 - - [26/Mar/2008:02:01:39 -0700] "GET /logs/access_080225.log%20http://babysbirth.mail333.su/images? HTTP/1.0" 404 275 "-" "Mozilla/5.0 (X11; U; Linux i686; en-US; rv:1.8.1.6) Gecko/20061201 Firefox/2.0.0.6 (Ubuntu-feisty)" "abc-ls.com"
211.56.152.27 - - [26/Mar/2008:02:04:25 -0700] "GET /logs/access_080225.log%20http://babysbirth.mail333.su/images? HTTP/1.0" 404 281 "-" "Mozilla/5.0 (Windows; U; Windows NT 5.1; en-US; rv:1.8.1.4) Gecko/20070515 Firefox/2.0.0.4" "abc-ls.com"
211.196.220.249 - - [26/Mar/2008:02:05:08 -0700] "GET /logs/access_080225.log%20http://babysbirth.mail333.su/images? HTTP/1.0" 404 275 "-" "Mozilla/4.0 (compatible; MSIE 4.01; Windows 98)" "abc-ls.com"
211.56.152.27 - - [26/Mar/2008:02:06:58 -0700] "GET /logs/access_080225.log%20http://babysbirth.mail333.su/images? HTTP/1.0" 404 281 "-" "Mozilla/4.0 (compatible; MSIE 6.0; Windows NT 5.1; DigExt)" "abc-ls.com"
211.196.220.249 - - [26/Mar/2008:02:08:43 -0700] "GET /logs/access_080225.log%20http://babysbirth.mail333.su/images? HTTP/1.0" 404 275 "-" "Googlebot/2.0 (http://www.googlebot.com/bot.html)" "abc-ls.com"
211.56.152.27 - - [26/Mar/2008:02:09:02 -0700] "GET /logs/access_080225.log%20http://babysbirth.mail333.su/images? HTTP/1.0" 404 281 "-" "Mozilla/4.0 (compatible; MSIE 6.0; Windows NT 5.1; DigExt)" "abc-ls.com"
211.196.220.249 - - [26/Mar/2008:02:13:06 -0700] "GET /logs/access_080225.log%20http://babysbirth.mail333.su/images? HTTP/1.0" 404 275 "-" "Mozilla/5.0 (X11; U; FreeBSD i386; en-US; rv:1.5) Gecko/20031021" "abc-ls.com"
74.6.30.223 - - [26/Mar/2008:03:28:00 -0700] "GET /robots.txt HTTP/1.0" 404 237 "-" "Mozilla/5.0 (compatible; Yahoo! Slurp; http://help.yahoo.com/help/us/ysearch/slurp)" "www.abc-ls.com"
74.6.16.217 - - [26/Mar/2008:03:28:39 -0700] "GET /tmp/?M=A HTTP/1.0" 200 504 "-" "Mozilla/5.0 (compatible; Yahoo! Slurp; http://help.yahoo.com/help/us/ysearch/slurp)" "www.abc-ls.com"
38.99.44.102 - - [26/Mar/2008:04:26:13 -0700] "GET /robots.txt HTTP/1.0" 404 275 "-" "Mozilla/5.0 (Twiceler-0.9 http://www.cuill.com/twiceler/robot.html)" "abc-ls.com"
82.237.63.114 - - [26/Mar/2008:07:12:00 -0700] "GET /favicon.ico HTTP/1.1" 404 275 "http://www.google.fr/search?source=ig&hl=fr&rlz=&q=PHP+version+tracker+%28http%3A%2F%2Fwww.nexen.net%2Fphpversion%2Fbot.php%29&btnG=Recherche+Google&aq=f" "Mozilla/5.0 (X11; U; Linux i686; fr; rv:1.8.1.12) Gecko/20080129 Iceweasel/2.0.0.12 (Debian-2.0.0.12-1)" "abc-ls.com"
66.249.73.36 - - [26/Mar/2008:09:18:12 -0700] "GET /robots.txt HTTP/1.1" 404 275 "-" "Mozilla/5.0 (compatible; Googlebot/2.1; +http://www.google.com/bot.html)" "abc-ls.com"
66.249.73.36 - - [26/Mar/2008:09:18:12 -0700] "GET /logs/access_080310.log HTTP/1.1" 200 18673 "-" "Mozilla/5.0 (compatible; Googlebot/2.1; +http://www.google.com/bot.html)" "abc-ls.com"
75.8.80.227 - - [26/Mar/2008:11:56:44 -0700] "GET /logs/ HTTP/1.0" 200 1357 "-" "Wget/1.5.3.1" "abc-ls.com"
75.8.80.227 - - [26/Mar/2008:11:56:44 -0700] "GET /robots.txt HTTP/1.0" 404 275 "-" "Wget/1.5.3.1" "abc-ls.com"
75.8.80.227 - - [26/Mar/2008:11:56:44 -0700] "GET /logs/access.log HTTP/1.0" 200 21023 "http://abc-ls.com/logs/" "Wget/1.5.3.1" "abc-ls.com"
216.145.16.236 - - [26/Mar/2008:13:02:44 -0700] "GET / HTTP/1.1" 200 1072 "-" "Mozilla/4.0 (compatible; MSIE 7.0; Windows NT 5.2; .NET CLR 1.1.4322)" "www.abc-ls.com"
210.95.179.139 - - [26/Mar/2008:16:47:10 -0700] "GET / HTTP/1.0" 200 1056 "-" "Python-urllib/1.17" "www.abc-ls.com"
69.156.71.58 - - [26/Mar/2008:21:58:52 -0700] "GET /logs/access_080225.log%20http://amyvsweddingspartyss.eclub.lv/images? HTTP/1.0" 404 275 "-" "Mozilla/4.0 compatible ZyBorg/1.0 (wn.zyborg@looksmart.net; http://www.WISEnutbot.com)" "abc-ls.com"
69.156.71.58 - - [26/Mar/2008:22:00:12 -0700] "GET /logs/access_080225.log%20http://amyvsweddingspartyss.eclub.lv/images? HTTP/1.0" 404 275 "-" "Mozilla/5.0 (Windows; U; Windows NT 5.1; en-US; rv:1.8.1.4) Gecko/20070515 Firefox/2.0.0.4" "abc-ls.com"
69.156.71.58 - - [26/Mar/2008:22:01:31 -0700] "GET /logs/access_080225.log%20http://amyvsweddingspartyss.eclub.lv/images? HTTP/1.0" 404 275 "-" "Googlebot/2.1 (http://www.googlebot.com/bot.html)" "abc-ls.com"
69.156.71.58 - - [26/Mar/2008:22:02:59 -0700] "GET /logs/access_080225.log%20http://amyvsweddingspartyss.eclub.lv/images? HTTP/1.0" 404 275 "-" "Googlebot/2.1 (+http://www.googlebot.com/bot.html)" "abc-ls.com"
69.156.71.58 - - [26/Mar/2008:22:05:09 -0700] "GET /logs/access_080225.log%20http://amyvsweddingspartyss.eclub.lv/images? HTTP/1.0" 404 275 "-" "Mozilla/5.0 (Windows; U; Windows NT 5.1; en-US; rv:1.8.1.6) Gecko/20070725 Firefox/2.0.0.6" "abc-ls.com"
69.156.71.58 - - [26/Mar/2008:22:07:56 -0700] "GET /logs/access_080225.log%20http://amyvsweddingspartyss.eclub.lv/images? HTTP/1.0" 404 275 "-" "Mediapartners-Google/2.1" "abc-ls.com"
69.156.71.58 - - [26/Mar/2008:22:09:17 -0700] "GET /logs/access_080225.log%20http://amyvsweddingspartyss.eclub.lv/images? HTTP/1.0" 404 275 "-" "Mozilla/5.0 (X11; U; FreeBSD i386; en-US; rv:1.5) Gecko/20031021" "abc-ls.com"
69.156.71.58 - - [26/Mar/2008:22:10:57 -0700] "GET /logs/access_080225.log%20http://amyvsweddingspartyss.eclub.lv/images? HTTP/1.0" 404 275 "-" "Googlebot/2.1 (http://www.googlebot.com/bot.html)" "abc-ls.com"
69.156.71.58 - - [26/Mar/2008:22:12:37 -0700] "GET /logs/access_080225.log%20http://amyvsweddingspartyss.eclub.lv/images? HTTP/1.0" 404 275 "-" "Googlebot/2.0 (http://www.googlebot.com/bot.html)" "abc-ls.com"
74.6.22.187 - - [27/Mar/2008:01:09:53 -0700] "GET /robots.txt HTTP/1.0" 404 275 "-" "Mozilla/5.0 (compatible; Yahoo! Slurp; http://help.yahoo.com/help/us/ysearch/slurp)" "www.abc-ls.com"
74.6.24.242 - - [27/Mar/2008:01:09:54 -0700] "GET /tmp/?N=A HTTP/1.0" 200 504 "-" "Mozilla/5.0 (compatible; Yahoo! Slurp; http://help.yahoo.com/help/us/ysearch/slurp)" "www.abc-ls.com"
70.104.140.250 - - [27/Mar/2008:09:37:46 -0700] "GET / HTTP/1.1" 200 1072 "http://www.alcus.org/AboutAlc/Member/" "Mozilla/4.0 (compatible; MSIE 7.0; Windows NT 5.1; .NET CLR 1.1.4322; .NET CLR 2.0.50727; .NET CLR 3.0.04506.30; .NET CLR 3.0.04506.648; MAXTHON 2.0)" "www.abc-ls.com"
74.6.22.102 - - [27/Mar/2008:10:51:33 -0700] "GET /robots.txt HTTP/1.0" 404 237 "-" "Mozilla/5.0 (compatible; Yahoo! Slurp; http://help.yahoo.com/help/us/ysearch/slurp)" "www.abc-ls.com"
74.6.24.109 - - [27/Mar/2008:10:51:34 -0700] "GET /tmp/?D=A HTTP/1.0" 200 504 "-" "Mozilla/5.0 (compatible; Yahoo! Slurp; http://help.yahoo.com/help/us/ysearch/slurp)" "www.abc-ls.com"
75.8.80.227 - - [27/Mar/2008:12:27:18 -0700] "GET /logs/ HTTP/1.0" 200 1357 "-" "Wget/1.5.3.1" "abc-ls.com"
75.8.80.227 - - [27/Mar/2008:12:27:18 -0700] "GET /robots.txt HTTP/1.0" 404 275 "-" "Wget/1.5.3.1" "abc-ls.com"
75.8.80.227 - - [27/Mar/2008:12:27:18 -0700] "GET /logs/access.log HTTP/1.0" 200 24685 "http://abc-ls.com/logs/" "Wget/1.5.3.1" "abc-ls.com"
216.145.54.7 - - [27/Mar/2008:16:03:49 -0700] "GET / HTTP/1.1" 200 1072 "-" "Mozilla/4.0 (compatible; MSIE 6.0; Windows NT 5.1; SV1; .NET CLR 1.1.4322; .NET CLR 2.0.50727; .NET CLR 3.0.04506.30; .NET CLR 3.0.04506.648)" "abc-ls.com"
216.145.54.7 - - [27/Mar/2008:16:03:50 -0700] "GET /favicon.ico HTTP/1.1" 404 275 "-" "Mozilla/4.0 (compatible; MSIE 6.0; Windows NT 5.1; SV1; .NET CLR 1.1.4322; .NET CLR 2.0.50727; .NET CLR 3.0.04506.30; .NET CLR 3.0.04506.648)" "abc-ls.com"